{"id":21,"date":"2021-10-23T14:23:31","date_gmt":"2021-10-23T17:23:31","guid":{"rendered":"https:\/\/laboratoriomaturi.com.ar\/?page_id=21"},"modified":"2025-08-25T19:58:54","modified_gmt":"2025-08-25T22:58:54","slug":"contacto","status":"publish","type":"page","link":"https:\/\/laboratoriomaturi.com.ar\/?page_id=21","title":{"rendered":"Contacto"},"content":{"rendered":"\n<p>Ante cualquier consulta no dude en comunicarse con nosotros. Puede hacerlo telef\u00f3nicamente<\/p>\n\n\n\n<div class=\"wp-block-columns is-layout-flex wp-container-core-columns-is-layout-9d6595d7 wp-block-columns-is-layout-flex\">\n<div class=\"wp-block-column is-layout-flow wp-block-column-is-layout-flow\" style=\"flex-basis:33.33%\">\n<p class=\"has-normal-font-size\"><strong>Direcci\u00f3n:<\/strong><br>Vicente L\u00f3pez 178<\/p>\n\n\n\n<p><strong>Whatsapp:<\/strong><br><a href=\"http:\/\/api.whatsapp.com\/send?phone=542914411418\" target=\"_blank\" rel=\"noreferrer noopener nofollow\">2914411418<\/a><\/p>\n\n\n\n<p class=\"has-normal-font-size\"><strong>Tel\u00e9fono:<\/strong><br>291 &#8211; 4564488<br>291 &#8211; 4561628<br>291 &#8211; 4564034<\/p>\n\n\n\n<p class=\"has-normal-font-size\"><strong>E-mail:<\/strong><br>laboratoriomaturi@gmail.com<br><\/p>\n\n\n\n<p class=\"has-normal-font-size\"><strong>Horarios:<\/strong><br>Lunes a viernes de 8.00 a 18.00 hs.<\/p>\n<\/div>\n\n\n\n<div class=\"wp-block-column is-layout-flow wp-block-column-is-layout-flow\" style=\"flex-basis:66.66%\">\n<iframe src=\"https:\/\/www.google.com\/maps\/embed?pb=!1m18!1m12!1m3!1d1386.6855630331852!2d-62.269876566768815!3d-38.71772881437631!2m3!1f0!2f0!3f0!3m2!1i1024!2i768!4f13.1!3m3!1m2!1s0x95edbcae1b9e12a5%3A0x6b2a8ed8a0ca2245!2sLaboratorio%20Maturi!5e0!3m2!1ses!2sar!4v1629758976592!5m2!1ses!2sar\" width=\"600\" height=\"450\" style=\"border:0;\" allowfullscreen=\"\" loading=\"lazy\"><\/iframe>\n<\/div>\n<\/div>\n","protected":false},"excerpt":{"rendered":"<p>Ante cualquier consulta no dude en comunicarse con nosotros. Puede hacerlo telef\u00f3nicamente Direcci\u00f3n:Vicente L\u00f3pez 178 Whatsapp:2914411418 Tel\u00e9fono:291 &#8211; 4564488291 &#8211; 4561628291 &#8211; 4564034 E-mail:laboratoriomaturi@gmail.com Horarios:Lunes a viernes de 8.00 a 18.00 hs.<\/p>\n","protected":false},"author":1,"featured_media":0,"parent":0,"menu_order":0,"comment_status":"closed","ping_status":"closed","template":"","meta":{"footnotes":""},"class_list":["post-21","page","type-page","status-publish","hentry"],"yoast_head":"<!-- This site is optimized with the Yoast SEO plugin v21.6 - https:\/\/yoast.com\/wordpress\/plugins\/seo\/ -->\n<title>Contacto - Laboratorio Maturi<\/title>\n<meta name=\"robots\" content=\"index, follow, max-snippet:-1, max-image-preview:large, max-video-preview:-1\" \/>\n<link rel=\"canonical\" href=\"https:\/\/laboratoriomaturi.com.ar\/?page_id=21\" \/>\n<meta property=\"og:locale\" content=\"es_ES\" \/>\n<meta property=\"og:type\" content=\"article\" \/>\n<meta property=\"og:title\" content=\"Contacto - Laboratorio Maturi\" \/>\n<meta property=\"og:description\" content=\"Ante cualquier consulta no dude en comunicarse con nosotros. Puede hacerlo telef\u00f3nicamente Direcci\u00f3n:Vicente L\u00f3pez 178 Whatsapp:2914411418 Tel\u00e9fono:291 &#8211; 4564488291 &#8211; 4561628291 &#8211; 4564034 E-mail:laboratoriomaturi@gmail.com Horarios:Lunes a viernes de 8.00 a 18.00 hs.\" \/>\n<meta property=\"og:url\" content=\"https:\/\/laboratoriomaturi.com.ar\/?page_id=21\" \/>\n<meta property=\"og:site_name\" content=\"Laboratorio Maturi\" \/>\n<meta property=\"article:modified_time\" content=\"2025-08-25T22:58:54+00:00\" \/>\n<meta name=\"twitter:card\" content=\"summary_large_image\" \/>\n<meta name=\"twitter:label1\" content=\"Tiempo de lectura\" \/>\n\t<meta name=\"twitter:data1\" content=\"1 minuto\" \/>\n<script type=\"application\/ld+json\" class=\"yoast-schema-graph\">{\"@context\":\"https:\/\/schema.org\",\"@graph\":[{\"@type\":\"WebPage\",\"@id\":\"https:\/\/laboratoriomaturi.com.ar\/?page_id=21\",\"url\":\"https:\/\/laboratoriomaturi.com.ar\/?page_id=21\",\"name\":\"Contacto - Laboratorio Maturi\",\"isPartOf\":{\"@id\":\"https:\/\/laboratoriomaturi.com.ar\/#website\"},\"datePublished\":\"2021-10-23T17:23:31+00:00\",\"dateModified\":\"2025-08-25T22:58:54+00:00\",\"breadcrumb\":{\"@id\":\"https:\/\/laboratoriomaturi.com.ar\/?page_id=21#breadcrumb\"},\"inLanguage\":\"es-AR\",\"potentialAction\":[{\"@type\":\"ReadAction\",\"target\":[\"https:\/\/laboratoriomaturi.com.ar\/?page_id=21\"]}]},{\"@type\":\"BreadcrumbList\",\"@id\":\"https:\/\/laboratoriomaturi.com.ar\/?page_id=21#breadcrumb\",\"itemListElement\":[{\"@type\":\"ListItem\",\"position\":1,\"name\":\"Inicio\",\"item\":\"https:\/\/laboratoriomaturi.com.ar\/\"},{\"@type\":\"ListItem\",\"position\":2,\"name\":\"Contacto\"}]},{\"@type\":\"WebSite\",\"@id\":\"https:\/\/laboratoriomaturi.com.ar\/#website\",\"url\":\"https:\/\/laboratoriomaturi.com.ar\/\",\"name\":\"Laboratorio Maturi\",\"description\":\"Laboratorio Patol\u00f3gico\",\"potentialAction\":[{\"@type\":\"SearchAction\",\"target\":{\"@type\":\"EntryPoint\",\"urlTemplate\":\"https:\/\/laboratoriomaturi.com.ar\/?s={search_term_string}\"},\"query-input\":\"required name=search_term_string\"}],\"inLanguage\":\"es-AR\"}]}<\/script>\n<!-- \/ Yoast SEO plugin. -->","yoast_head_json":{"title":"Contacto - Laboratorio Maturi","robots":{"index":"index","follow":"follow","max-snippet":"max-snippet:-1","max-image-preview":"max-image-preview:large","max-video-preview":"max-video-preview:-1"},"canonical":"https:\/\/laboratoriomaturi.com.ar\/?page_id=21","og_locale":"es_ES","og_type":"article","og_title":"Contacto - Laboratorio Maturi","og_description":"Ante cualquier consulta no dude en comunicarse con nosotros. Puede hacerlo telef\u00f3nicamente Direcci\u00f3n:Vicente L\u00f3pez 178 Whatsapp:2914411418 Tel\u00e9fono:291 &#8211; 4564488291 &#8211; 4561628291 &#8211; 4564034 E-mail:laboratoriomaturi@gmail.com Horarios:Lunes a viernes de 8.00 a 18.00 hs.","og_url":"https:\/\/laboratoriomaturi.com.ar\/?page_id=21","og_site_name":"Laboratorio Maturi","article_modified_time":"2025-08-25T22:58:54+00:00","twitter_card":"summary_large_image","twitter_misc":{"Tiempo de lectura":"1 minuto"},"schema":{"@context":"https:\/\/schema.org","@graph":[{"@type":"WebPage","@id":"https:\/\/laboratoriomaturi.com.ar\/?page_id=21","url":"https:\/\/laboratoriomaturi.com.ar\/?page_id=21","name":"Contacto - Laboratorio Maturi","isPartOf":{"@id":"https:\/\/laboratoriomaturi.com.ar\/#website"},"datePublished":"2021-10-23T17:23:31+00:00","dateModified":"2025-08-25T22:58:54+00:00","breadcrumb":{"@id":"https:\/\/laboratoriomaturi.com.ar\/?page_id=21#breadcrumb"},"inLanguage":"es-AR","potentialAction":[{"@type":"ReadAction","target":["https:\/\/laboratoriomaturi.com.ar\/?page_id=21"]}]},{"@type":"BreadcrumbList","@id":"https:\/\/laboratoriomaturi.com.ar\/?page_id=21#breadcrumb","itemListElement":[{"@type":"ListItem","position":1,"name":"Inicio","item":"https:\/\/laboratoriomaturi.com.ar\/"},{"@type":"ListItem","position":2,"name":"Contacto"}]},{"@type":"WebSite","@id":"https:\/\/laboratoriomaturi.com.ar\/#website","url":"https:\/\/laboratoriomaturi.com.ar\/","name":"Laboratorio Maturi","description":"Laboratorio Patol\u00f3gico","potentialAction":[{"@type":"SearchAction","target":{"@type":"EntryPoint","urlTemplate":"https:\/\/laboratoriomaturi.com.ar\/?s={search_term_string}"},"query-input":"required name=search_term_string"}],"inLanguage":"es-AR"}]}},"_links":{"self":[{"href":"https:\/\/laboratoriomaturi.com.ar\/index.php?rest_route=\/wp\/v2\/pages\/21","targetHints":{"allow":["GET"]}}],"collection":[{"href":"https:\/\/laboratoriomaturi.com.ar\/index.php?rest_route=\/wp\/v2\/pages"}],"about":[{"href":"https:\/\/laboratoriomaturi.com.ar\/index.php?rest_route=\/wp\/v2\/types\/page"}],"author":[{"embeddable":true,"href":"https:\/\/laboratoriomaturi.com.ar\/index.php?rest_route=\/wp\/v2\/users\/1"}],"replies":[{"embeddable":true,"href":"https:\/\/laboratoriomaturi.com.ar\/index.php?rest_route=%2Fwp%2Fv2%2Fcomments&post=21"}],"version-history":[{"count":15,"href":"https:\/\/laboratoriomaturi.com.ar\/index.php?rest_route=\/wp\/v2\/pages\/21\/revisions"}],"predecessor-version":[{"id":107,"href":"https:\/\/laboratoriomaturi.com.ar\/index.php?rest_route=\/wp\/v2\/pages\/21\/revisions\/107"}],"wp:attachment":[{"href":"https:\/\/laboratoriomaturi.com.ar\/index.php?rest_route=%2Fwp%2Fv2%2Fmedia&parent=21"}],"curies":[{"name":"wp","href":"https:\/\/api.w.org\/{rel}","templated":true}]}}